 = 13*d**2 + 4*d - 1. Let h(q) = -12*q**2 - 3*q + 1. Let t(v) = 5*c(v) + 6*h(v). Calculate t(-1).
-8
Let z(d) = 6*d**3 - d**2 - 2*d + 7. Let p(m) = -5*m**3 + 2*m - 7. Let w(j) = 5*p(j) + 4*z(j). Suppose -c + 0*c = 5. Give w(c).
8
Let t(j) = j**2 - 3*j + 6. Let y be t(4). Suppose 6*w = 2*w - 4*n, -3*w + y = -2*n. Let u(k) = 3*k + 2 - k**w - 1 - 5*k. Give u(-2).
1
Let t(m) = -m**3 - 3*m**2 + 2*m**3 + 0*m**2 - 5*m. Let y be t(4). Let l(n) = -6*n**2 - 3*n. Let u(q) = 5*q**2 + 3*q. Let h(b) = 4*l(b) + 5*u(b). Determine h(y).
4
Let m(d) = -4*d**2 - 11*d**2 + 2 + 19*d**2 - 1. Determine m(-2).
17
Let g(c) = -44*c + 1 + 2*c**2 + 25*c - 4 + 24*c. Calculate g(-5).
22
Let p(z) = z**2 + 4*z - 7. Suppose 2 = -2*v + 4*s, 15 = -3*v + s - 3. Determine p(v).
14
Let l be (6/15)/(2/10). Suppose 2*y - 2*t + 8 = 3*t, 4*t - 8 = 0. Let v(n) = -2*n + 1. Let m(o) = o. Let k(w) = y*v(w) + 5*m(w). Give k(l).
7
Let x(q) = -1 - q - 5*q**2 + 2 + 6*q**2. What is x(3)?
7
Let f(l) = 0*l**2 - 1 + 10*l**3 + l**2 - 12*l + 11*l + 0. Determine f(-1).
-9
Let x(a) = -a - 1. Let l(n) = 8*n + 8. Let v = 2 + -3. Let z(g) = v*l(g) - 5*x(g). Let k = 53 - 57. Determine z(k).
9
Let c(f) = -2*f**2 - 3*f + 3. Let d be 8*(-4)/(-8) - 1. Suppose 0*o = d*o + 9. What is c(o)?
-6
Let p(j) = -1 + 3*j + j**3 - 7 + 1 + 5 + 4*j**2. Determine p(-4).
-14
Let m(v) = -v + 2. Let l be 0/(5/(10/(-4))). Calculate m(l).
2
Let p(z) = -13*z**2 + 6*z - 6. Suppose -3*n - 13 = 2*i, -n + 0*i = 2*i + 3. Let q = 2 - 3. Let a(v) = v**2 - v + 1. Let h(k) = n*a(k) + q*p(k). Determine h(1).
8
Let x be ((-36)/14)/(6/(-28)). Suppose -2*s + x = s. Let j(h) = -h. Let f(a) = -2*a. Let g(q) = -3*f(q) + 7*j(q). Calculate g(s).
-4
Let z(m) = 5*m - 2. Let r be z(-1). Let u(s) = s**3 + 6*s**2 - 9*s - 8. Let f be u(r). Let i(o) = -o**2 + 7*o - 5. Determine i(f).
1
Let o(b) = b**2 - 4*b - 8. Suppose 4*g - g = 18. Let v be o(g). Let f(i) = -3*i - 3. Let a(u) = 2*u + 2. Let w(r) = 7*a(r) + 5*f(r). Calculate w(v).
-5
Let n(k) be the first derivative of -k**4/4 + 7*k**3/3 - 3*k**2 + 8*k + 28. Calculate n(6).
8
Let l(x) = x**2 - 1. Suppose 2*v - 7*v - 60 = 0. Let z be 4/v*12/(-2). Determine l(z).
3
Let q(a) be the second derivative of a**4/12 + 5*a**3/3 + 6*a**2 + 10*a. What is q(-9)?
3
Let c(v) = -5*v**3 + v. Let t(o) = o + 13 - 6 - 3. Let h be t(-3). Calculate c(h).
-4
Suppose 32*y - 27 = 29*y. Let f(g) = -g**3 + 9*g**2 + 1. Calculate f(y).
1
Let b(c) = -c. Let y be -2 - (-1 - -1 - -3). Calculate b(y).
5
Let k(i) = 10*i**3 - 1. Let d(x) = -x**2 - 3*x - 1. Let h be (6/(-4))/((-6)/(-8)). Let r be d(h). Determine k(r).
9
Suppose 0*u = u. Let z(c) = 3 + 3*c + 4*c + u*c + 0*c. What is z(-2)?
-11
Suppose -2*s + 7 = 5. Let d(c) = -2*c. What is d(s)?
-2
Let c(m) = -5*m + m + 0*m - 4 + 7*m. Determine c(-5).
-19
Let x(o) = 7*o**2 - 2*o + 1. Let y be x(1). Suppose -2*j - 2*q - 16 = 0, -j - 10 = 3*q + y. Let v(h) = 0*h**3 - h**3 + 3 - 2*h**2 + 1 - h**2 + 5*h. Give v(j).
0
Let k(w) = w - 2. Let j be -14*((-240)/(-140) - (0 - -2)). Calculate k(j).
2
Let l(p) = -p**3 - 5*p**2 + 2*p - 7. Let v(m) = -m**2. Let n(o) = l(o) - v(o). What is n(-5)?
8
Let l(i) = 5*i**2 - i**2 - 9 - 8*i - 5*i**2. Let h be l(-6). Let v(c) = 0*c - c**2 + 3 + h*c + 4*c - c. Calculate v(5).
8
Let f(d) = -d**2 - 11*d + 29. Let b be f(-13). Let g(p) = 3*p + 4. Determine g(b).
13
Let j(o) = -o**2 + 5*o - 1. Let h = -26 - -32. Calculate j(h).
-7
Let a(i) = i**2 - 4*i - 1. Let q be (-26)/(-6) - (-32)/(-24). Determine a(q).
-4
Let p(f) = -f**3 + 2*f + 1. Let m be (-2)/(-9) + 158/18. Let n = -5 + m. Suppose 0 = x + 2*j - 7*j + 12, -n*j = -8. What is p(x)?
5
Let d(m) = m**2 - 10. Let y be d(3). Let b(c) = 7*c**3 + 2*c**2 - 1. Give b(y).
-6
Suppose 0 = -4*b - 6*o + 2*o - 8, 3*b - 2*o = -16. Let g(z) = z + 8. Determine g(b).
4
Let s = -28 - -32. Let c(q) be the first derivative of q**3/6 - 3*q**2/2 + 2*q - 2. Let b(l) be the first derivative of c(l). Give b(s).
1
Let h(a) be the second derivative of a**8/6720 + a**7/420 + a**6/144 - a**5/20 + a**4/3 + 2*a. Let o(l) be the third derivative of h(l). Calculate o(-5).
-6
Let x(a) = -2*a - 4. Let t be ((-3)/(-12)*0)/(-2). Suppose 4*b + 12 = -t*b. What is x(b)?
2
Let u(o) = -o**3 - 5*o**2 + 4*o - 8. Let m be (8 - 0)*(-6)/8. Give u(m).
4
Let j(s) be the third derivative of s**6/120 + 2*s**5/15 - 11*s**4/24 - 13*s**3/6 + 11*s**2. Give j(-9).
5
Let s(g) = -3*g + 3*g + g. Let j be s(0). Let l = -3 - j. Let p(m) = -m + 1. Calculate p(l).
4
Let f(w) = -2 - 12 + 2 + w. Calculate f(5).
-7
Suppose -6*p = -2*p. Let i(o) = p*o**2 + o**2 - 7 - 1 - o - o**3. Suppose -4*g = 0, d - 3*g = -8*g. What is i(d)?
-8
Suppose 0*i + i - r = 1, -r = -4*i - 8. Let t(g) be the third derivative of g**6/120 + g**5/60 - g**4/8 + g**3/3 - 85*g**2. Give t(i).
-7
Let x(u) = u**2 + u - 9. Let f(t) = 6*t**2 + 6*t - 45. Let o(l) = -2*f(l) + 11*x(l). Suppose -4*r - 20 = 4*n, 2*n = 2*r + 3*r - 10. Determine o(r).
-9
Let j(v) = 3*v + 9*v**2 + 2 + 3 - v**3 - 11*v. What is j(8)?
5
Let m(z) = -z**3 - 3*z + 2. Let q be (8/2)/(10/5). Give m(q).
-12
Let i(w) be the third derivative of -w**5/60 + w**4/6 + w**3/2 - 4*w**2. Determine i(5).
-2
Let g(c) = c**2 - 5*c + 4. Let d be g(5). Let q(r) = 4*r**2 - 6*r**3 + 5*r**3 + 0 + 2 + r. Give q(d).
6
Let i(p) = 1. Let q(o) = o**3 + 4*o**2 - 3*o + 7. Let g(n) = 4*i(n) - q(n). Calculate g(-5).
7
Let g(a) be the second derivative of a**4/12 + 4*a**3/3 + 3*a**2/2 - 6*a. Give g(-6).
-9
Suppose -1 = -u - 2. Let m(t) = 12*t**2 - t. Determine m(u).
13
Let d(l) = l - 8. Let v be (-8)/(1/(-2) + (-2)/4). What is d(v)?
0
Suppose 3 = 4*o + 3*w - 5, 3*o - w = 6. Let q(l) = l**3 + 2*l**2 + 2*l**2 - 2*l - 6*l**o - 1 + 0*l**3. What is q(3)?
2
Let x(v) be the first derivative of 7*v**2/2 + v + 14. Give x(-1).
-6
Let m(q) be the third derivative of -q**5/60 + q**3/2 - q**2 - 29. Determine m(0).
3
Let u = 11 - 0. Let t(k) = 6*k + 2. Let i(g) = -2*g - 1. Let z(w) = u*i(w) + 4*t(w). Give z(5).
7
Let m be (-72)/(-20) - 2/(-5). Suppose 0 = -3*n, -3*z + m*n - 9 = n. Let w(y) be the third derivative of -y**5/60 - y**4/6 - y**3/3 - 2*y**2. Determine w(z).
1
Let b(s) = -s**3 - 5*s**2 + 7*s + 3. Suppose 4*p = 5*p + 6. Determine b(p).
-3
Let t(x) = x - 4*x - 4*x. Let w(z) = 2*z - 3. Let r(d) = -d + 9. Let a be r(7). Let k be w(a). What is t(k)?
-7
Let x(t) = 9*t**2 - 11*t**3 + 1 - 17*t**2 + 6*t**2. Suppose -2*b - 5 = 3*b. Calculate x(b).
10
Let w(z) = -2*z - 1. Let n(s) = -1 - s + 3 - 4 + 4 - s**2. Suppose -3*r - r = 0. Let k be n(r). Calculate w(k).
-5
Let t(j) = j**3 + 5*j**2 - 2*j - 5. Let k be 3*(24/(-9))/2. Calculate t(k).
19
Suppose 0 = -4*k + 5*l + 12, -1 = k + l + 5. Let f(p) = 6*p**2 - 2*p - 2. Let x(q) = 2*q**2 - q - 1. Let m(c) = 2*f(c) - 7*x(c). Give m(k).
-11
Let i(b) = b**3 - 7*b**2 + 2*b + 2. Suppose 2*y + 0*m - 20 = -2*m, -4*m - 23 = -5*y. What is i(y)?
16
Let f(c) be the third derivative of 0*c - 1/24*c**4 - c**2 + 1/120*c**6 + 2/3*c**3 + 0 - 1/15*c**5. Let m = -202 + 206. Calculate f(m).
0
Let y(q) = -q**3 - 6*q**2 + 9*q - 2. Let p = -83 + 76. Calculate y(p).
-16
Let y(b) be the second derivative of -b**5/20 - 5*b**4/12 + b**2 - 14*b. Determine y(-5).
2
Suppose -3*f = 12, -2*g - 3*f - 3 + 1 = 0. Let s(x) = x**2 - 6*x. Give s(g).
-5
Let h(d) = 4*d**2 + 2*d + 1. Let t = -47 + 30. Let w = t + 25. Suppose 3*f + w = -f. What is h(f)?
13
Let s(x) be the second derivative of -x**5/10 - x**4/3 - x**3/3 + x**2/2 + 25*x. Give s(-2).
5
Suppose 16 = 4*f - 0*f - 2*q, f + 3*q - 4 = 0. Let h be 20/(-15)*(-6)/f. Let d(z) be the third derivative of -z**5/30 - z**4/8 + z**3/3 + z**2. Give d(h).
-12
Let v = 2 - 1. Let p be (2*1/(-2))/v. Let b = p - -3. Let w(q) = 2*q**2 - 3*q + 3. Give w(b).
5
Let q(y) = -y**3 - 12*y**2 - 10*y + 4. Let b be q(-11). Let n(i) = i**3 + 6*i**2 - 7*i + 1. Calculate n(b).
1
Let z(r) be the third derivative of r**6/120 + r**5/60 + r**4/24 + r**3/6 + r**2. Suppose 3*l - 3 = -5*p, 2*l - 6*l + 4 = -5*p. Determine z(p).
1
Let i = 0 + 0. Suppose -4*n + i*n + 16 = 0. Suppose -5 = -n*r - r. Let s(o) = 4*o**3 + o**2 - o. Determine s(r).
4
Let v(x) = x - 1. Let h(f) = f**2 + f - 2. Let o(l) = h(l) + 3*v(l). What is o(-6)?
7
Let a(l) = l - 1 + 0*l - l - l. Determine a(-5).
4
Let b(f) = f + 1 - 6*f**2 + 0*f - 2. Let l = 5 - 8. Let w = 4 + l. Calculate b(w).
